{"id":25,"date":"2023-09-02T10:49:05","date_gmt":"2023-09-02T08:49:05","guid":{"rendered":"http:\/\/www.schulenbfi.eu\/odv\/?page_id=25"},"modified":"2026-01-15T14:21:09","modified_gmt":"2026-01-15T13:21:09","slug":"kontakt-impressum-datenschutzerklaerung","status":"publish","type":"page","link":"http:\/\/www.schulenbfi.eu\/odv\/kontakt-impressum-datenschutzerklaerung\/","title":{"rendered":"Kontakt \/ Impressum \/ Datenschutzerkl\u00e4rung"},"content":{"rendered":"\t\t<div data-elementor-type=\"wp-page\" data-elementor-id=\"25\" class=\"elementor elementor-25\">\n\t\t\t\t\t\t<section class=\"elementor-section elementor-top-section elementor-element elementor-element-df7287f elementor-section-boxed elementor-section-height-default elementor-section-height-default\" data-id=\"df7287f\" data-element_type=\"section\">\n\t\t\t\t\t\t<div class=\"elementor-container elementor-column-gap-default\">\n\t\t\t\t\t<div class=\"elementor-column elementor-col-50 elementor-top-column elementor-element elementor-element-d73096e\" data-id=\"d73096e\" data-element_type=\"column\">\n\t\t\t<div class=\"elementor-widget-wrap elementor-element-populated\">\n\t\t\t\t\t\t<div class=\"elementor-element elementor-element-823e926 elementor-widget__width-initial elementor-widget elementor-widget-text-editor\" data-id=\"823e926\" data-element_type=\"widget\" data-widget_type=\"text-editor.default\">\n\t\t\t\t<div class=\"elementor-widget-container\">\n\t\t\t\t\t\t\t\t\t<p><strong>\u00dcbungsfirma ODV\u00a0<\/strong><\/p><p><strong>Office Design Vienna <\/strong><\/p><p><strong>Gesellschaft mit beschr\u00e4nkter Haftung<\/strong><\/p><p><strong>Schule:<\/strong><br \/>Schulen des BFI Wien<br \/>Margaretenstra\u00dfe 65 <br \/>1050 Wien<\/p><p><strong>Standort der \u00dcFA:<\/strong><\/p><p>Davidgasse 92<\/p><p>1100 Wien<\/p><p>\u00a0<\/p><p><strong>Gesch\u00e4ftsf\u00fchrer*innen \/ f\u00fcr den Inhalt verantwortlich<\/strong>:<br \/>\u00a0Dr. Judith Kast<\/p><p>\u00a0Ing. MMag. Rupert Gassner<\/p><p>\u00a0<\/p><p><strong>EU-USt.-ID:<\/strong> ATU10129225<\/p><p><strong>Firmenbuch-Nummer:<\/strong> 1292<\/p><p><strong>Firmenbuchgericht:<\/strong> ACT-Gericht Wien<\/p><p><strong>T\u00e4tigkeitsbereich:<\/strong> Handel mit B\u00fcrom\u00f6beln und B\u00fcroaccessoires<\/p><p>Mitglied bei der WK\u00d6<\/p><p><strong>Gewerbeordnung:<\/strong> <a href=\"http:\/\/www.ris.bka.gv.at\">www.ris.bka.gv.at<\/a><\/p><p><strong>Gewerbebeh\u00f6rde<\/strong>: ACT Gewerbebeh\u00f6rde<\/p><p>\u00a0<\/p><p><strong>E-Mail:<br \/><\/strong><a href=\"mailto:odv_officedesignvienna1292@uebungsfirmen.at\">odv_officedesignvienna1292@uebungsfirmen.at<\/a><\/p><p>\u00a0<\/p><p><strong>Website:<\/strong><\/p><p><a href=\"https:\/\/www.schulenbfi.eu\/odv\/\">Office Design Vienna GmbH \u2013 Eine \u00dcbungsfirma der kaufm\u00e4nnischen Schulen des BFI Wien<\/a><\/p><p>\u00a0<\/p><p><strong>Marketplace:<\/strong><\/p><p><a href=\"https:\/\/marketplace.penworldwide.org\/?enterprisePenCode=AT010001292\">https:\/\/marketplace.penworldwide.org\/?enterprisePenCode=AT010001292<\/a><\/p><p>\u00a0<\/p><p><strong>Instagram-Seite:<\/strong><\/p><p><a href=\"https:\/\/www.instagram.com\/uefa_odv\/\">https:\/\/www.instagram.com\/uefa_odv\/<\/a><\/p><p><strong>\u00d6ffnungszeiten:<br \/><\/strong>Donnerstag: 13:15 bis 15:50 Uhr<\/p>\t\t\t\t\t\t\t\t<\/div>\n\t\t\t\t<\/div>\n\t\t\t\t\t<\/div>\n\t\t<\/div>\n\t\t\t\t<div class=\"elementor-column elementor-col-50 elementor-top-column elementor-element elementor-element-905ab82\" data-id=\"905ab82\" data-element_type=\"column\">\n\t\t\t<div class=\"elementor-widget-wrap elementor-element-populated\">\n\t\t\t\t\t\t<div class=\"elementor-element elementor-element-01580e2 elementor-widget elementor-widget-google_maps\" data-id=\"01580e2\" data-element_type=\"widget\" data-widget_type=\"google_maps.default\">\n\t\t\t\t<div class=\"elementor-widget-container\">\n\t\t\t\t\t\t\t<div class=\"elementor-custom-embed\">\n\t\t\t<iframe loading=\"lazy\"\n\t\t\t\t\tsrc=\"https:\/\/maps.google.com\/maps?q=margaretenstra%C3%9Fe%2065%2Cdavidgasse%2092&#038;t=m&#038;z=14&#038;output=embed&#038;iwloc=near\"\n\t\t\t\t\ttitle=\"margaretenstra\u00dfe 65,davidgasse 92\"\n\t\t\t\t\taria-label=\"margaretenstra\u00dfe 65,davidgasse 92\"\n\t\t\t><\/iframe>\n\t\t<\/div>\n\t\t\t\t\t\t<\/div>\n\t\t\t\t<\/div>\n\t\t\t\t\t<\/div>\n\t\t<\/div>\n\t\t\t\t\t<\/div>\n\t\t<\/section>\n\t\t\t\t<section class=\"elementor-section elementor-top-section elementor-element elementor-element-6e6a263 elementor-section-boxed elementor-section-height-default elementor-section-height-default\" data-id=\"6e6a263\" data-element_type=\"section\">\n\t\t\t\t\t\t<div class=\"elementor-container elementor-column-gap-default\">\n\t\t\t\t\t<div class=\"elementor-column elementor-col-100 elementor-top-column elementor-element elementor-element-818f252\" data-id=\"818f252\" data-element_type=\"column\">\n\t\t\t<div class=\"elementor-widget-wrap elementor-element-populated\">\n\t\t\t\t\t\t<div class=\"elementor-element elementor-element-102bc23 elementor-widget elementor-widget-text-editor\" data-id=\"102bc23\" data-element_type=\"widget\" data-widget_type=\"text-editor.default\">\n\t\t\t\t<div class=\"elementor-widget-container\">\n\t\t\t\t\t\t\t\t\t<p>\u00a0<\/p><p>Verbraucher haben die M\u00f6glichkeit, Beschwerden an die Online-Streitbeilegungsplattform der EU zu richten:<\/p><p><a href=\"http:\/\/ec.europa.eu\/odr\">http:\/\/ec.europa.eu\/odr<\/a>\u00a0<\/p><p>Sie k\u00f6nnen anf\u00e4llige Beschwerden auch an die oben angegebene E-Mail-Adresse richten.<\/p>\t\t\t\t\t\t\t\t<\/div>\n\t\t\t\t<\/div>\n\t\t\t\t<div class=\"elementor-element elementor-element-664bddf elementor-widget elementor-widget-text-editor\" data-id=\"664bddf\" data-element_type=\"widget\" data-widget_type=\"text-editor.default\">\n\t\t\t\t<div class=\"elementor-widget-container\">\n\t\t\t\t\t\t\t\t\t<h3><strong>Datenschutzerkl\u00e4rung<\/strong><\/h3><h4>\u00a0<\/h4><h4><strong>Datenschutz<\/strong><\/h4><p>Wir haben diese Datenschutzerkl\u00e4rung verfasst, um Ihnen gem\u00e4\u00df der Vorgaben der\u00a0<a href=\"https:\/\/eur-lex.europa.eu\/legal-content\/DE\/ALL\/?uri=celex%3A32016R0679&amp;tid=121661019\">Datenschutz-Grundverordnung (EU) 2016\/679<\/a>\u00a0zu erkl\u00e4ren, welche Informationen wir sammeln, wie wir Daten verwenden und welche Entscheidungsm\u00f6glichkeiten Sie als Besucher dieser Webseite haben.<\/p><p>Datenschutzerkl\u00e4rungen klingen f\u00fcr gew\u00f6hnlich sehr technisch. Diese Version soll Ihnen hingegen die wichtigsten Dinge so einfach und klar wie m\u00f6glich beschreiben. Soweit es m\u00f6glich ist, werden technische Begriffe leserfreundlich erkl\u00e4rt. Au\u00dferdem m\u00f6chten wir vermitteln, dass wir mit dieser Website nur dann Informationen sammeln und verwenden, wenn eine entsprechende gesetzliche Grundlage gegeben ist. Das ist sicher nicht m\u00f6glich, wenn man m\u00f6glichst knappe, technische Erkl\u00e4rungen abgibt, so wie sie im Internet oft Standard sind, wenn es um Datenschutz geht. Ich hoffe Sie finden die folgenden Erl\u00e4uterungen interessant und informativ und vielleicht ist die eine oder andere Information dabei, die Sie noch nicht kannten.<br \/>Wenn trotzdem Fragen bleiben, m\u00f6chten wir Sie bitten den vorhandenen Links zu folgen und sich weitere Informationen auf Drittseiten anzusehen, oder uns einfach eine E-Mail zu schreiben. Unsere Kontaktdaten finden Sie im Impressum.<\/p><h4>\u00a0<\/h4><h4><strong>Automatische Datenspeicherung<\/strong><\/h4><p>Wenn Sie heutzutage Websites besuchen, werden gewisse Informationen automatisch erstellt und gespeichert, so auch auf dieser Website. Diese gesammelten Daten sollten m\u00f6glichst sparsam und nur mit Begr\u00fcndung gesammelt werden werden. Mit Website meinen wir \u00fcbrigens die Gesamtheit aller Webseiten auf Ihrer Domain, d.h. alles von der Startseite (Homepage) bis hin zur aller letzten Unterseite (wie dieser hier). Mit Domain meinen wir zum Beispiel beispiel.de oder musterbeispiel.com.<\/p><p>Auch w\u00e4hrend Sie unsere Website jetzt gerade besuchen, speichert unser Webserver \u2013 das ist der Computer auf dem diese Webseite gespeichert ist \u2013\u00a0 aus Gr\u00fcnden der Betriebssicherheit, zur Erstellung von Zugriffsstatistik usw. in der Regel automatisch Daten wie<\/p><ul><li>die komplette Internetadresse (URL) der aufgerufenen Webseite (z. B. https:\/\/www.beispielwebsite.de\/beispielunterseite.html\/)<\/li><li>Browser und Browserversion (z. B. Chrome 87)<\/li><li>das verwendete Betriebssystem (z. B. Windows 10)<\/li><li>die Adresse (URL) der zuvor besuchten Seite (Referrer URL) (z. B. https:\/\/www.beispielquellsite.de\/vondabinichgekommen.html\/)<\/li><li>den Hostname und die IP-Adresse des Ger\u00e4ts von welchem aus zugegriffen wird (z. B. COMPUTERNAME und 194.23.43.121)<\/li><li>Datum und Uhrzeit<\/li><li>in Dateien, den sogenannten Webserver-Logfiles.<\/li><\/ul><p>Zur Veranschaulichung:<\/p><p>In der Regel werden diese Dateien zwei Wochen gespeichert und danach automatisch gel\u00f6scht. Wir geben diese Daten nicht weiter, k\u00f6nnen jedoch nicht ausschlie\u00dfen, dass diese Daten beim Vorliegen von rechtswidrigem Verhalten von Beh\u00f6rden eingesehen werden.<\/p><p>Kurz gesagt: Ihr Besuch wird durch unseren Provider (Firma, die unsere Website auf speziellen Computern (Servern) laufen l\u00e4sst), protokolliert, aber wir geben Ihre Daten nicht weiter!<\/p>\t\t\t\t\t\t\t\t<\/div>\n\t\t\t\t<\/div>\n\t\t\t\t\t<\/div>\n\t\t<\/div>\n\t\t\t\t\t<\/div>\n\t\t<\/section>\n\t\t\t\t<\/div>\n\t\t","protected":false},"excerpt":{"rendered":"<p>\u00dcbungsfirma ODV\u00a0 Office Design Vienna Gesellschaft mit beschr\u00e4nkter Haftung Schule:Schulen des BFI WienMargaretenstra\u00dfe 65 1050 Wien Standort der \u00dcFA: Davidgasse 92 1100 Wien \u00a0 Gesch\u00e4ftsf\u00fchrer*innen \/ f\u00fcr den Inhalt verantwortlich:\u00a0Dr. Judith Kast \u00a0Ing. MMag. Rupert Gassner \u00a0 EU-USt.-ID: ATU10129225 Firmenbuch-Nummer: 1292 Firmenbuchgericht: ACT-Gericht Wien T\u00e4tigkeitsbereich: Handel mit B\u00fcrom\u00f6beln und B\u00fcroaccessoires Mitglied bei der WK\u00d6 Gewerbeordnung: [&hellip;]<\/p>\n","protected":false},"author":2,"featured_media":0,"parent":0,"menu_order":0,"comment_status":"closed","ping_status":"closed","template":"","meta":{"footnotes":""},"class_list":["post-25","page","type-page","status-publish","hentry"],"_links":{"self":[{"href":"http:\/\/www.schulenbfi.eu\/odv\/wp-json\/wp\/v2\/pages\/25","targetHints":{"allow":["GET"]}}],"collection":[{"href":"http:\/\/www.schulenbfi.eu\/odv\/wp-json\/wp\/v2\/pages"}],"about":[{"href":"http:\/\/www.schulenbfi.eu\/odv\/wp-json\/wp\/v2\/types\/page"}],"author":[{"embeddable":true,"href":"http:\/\/www.schulenbfi.eu\/odv\/wp-json\/wp\/v2\/users\/2"}],"replies":[{"embeddable":true,"href":"http:\/\/www.schulenbfi.eu\/odv\/wp-json\/wp\/v2\/comments?post=25"}],"version-history":[{"count":55,"href":"http:\/\/www.schulenbfi.eu\/odv\/wp-json\/wp\/v2\/pages\/25\/revisions"}],"predecessor-version":[{"id":752,"href":"http:\/\/www.schulenbfi.eu\/odv\/wp-json\/wp\/v2\/pages\/25\/revisions\/752"}],"wp:attachment":[{"href":"http:\/\/www.schulenbfi.eu\/odv\/wp-json\/wp\/v2\/media?parent=25"}],"curies":[{"name":"wp","href":"https:\/\/api.w.org\/{rel}","templated":true}]}}