{"id":14,"date":"2023-09-02T10:44:19","date_gmt":"2023-09-02T08:44:19","guid":{"rendered":"http:\/\/www.schulenbfi.eu\/odv\/?page_id=14"},"modified":"2026-03-05T14:48:09","modified_gmt":"2026-03-05T13:48:09","slug":"unsere-produkte","status":"publish","type":"page","link":"http:\/\/www.schulenbfi.eu\/odv\/unsere-produkte\/","title":{"rendered":"Unsere Produkte"},"content":{"rendered":"\t\t<div data-elementor-type=\"wp-page\" data-elementor-id=\"14\" class=\"elementor elementor-14\">\n\t\t\t\t\t\t<section class=\"elementor-section elementor-top-section elementor-element elementor-element-fa95fc8 elementor-section-boxed elementor-section-height-default elementor-section-height-default\" data-id=\"fa95fc8\" data-element_type=\"section\">\n\t\t\t\t\t\t<div class=\"elementor-container elementor-column-gap-default\">\n\t\t\t\t\t<div class=\"elementor-column elementor-col-100 elementor-top-column elementor-element elementor-element-83995b3\" data-id=\"83995b3\" data-element_type=\"column\">\n\t\t\t<div class=\"elementor-widget-wrap elementor-element-populated\">\n\t\t\t\t\t\t<div class=\"elementor-element elementor-element-69b0682 elementor-widget elementor-widget-text-editor\" data-id=\"69b0682\" data-element_type=\"widget\" data-widget_type=\"text-editor.default\">\n\t\t\t\t<div class=\"elementor-widget-container\">\n\t\t\t\t\t\t\t\t\t<h4><a href=\"https:\/\/act0119-my.sharepoint.com\/:b:\/g\/personal\/odv_officedesignvienna1292_uebungsfirmen_at\/IQCpiNvxt4TBTZpPAxQmRqYnAaCvm1c98cdYSNKuii6ZVTs?e=H1yeRX\">Katalog_2026<\/a><\/h4>\n<p>Unsere \u00dcbungsfirma handelt mit hochwertigen B\u00fcrom\u00f6beln und B\u00fcroaccessoires. Wir beliefern Firmen aber auch anspruchsvolle Privatkunden!<\/p>\n<p>Wir bieten folgende Auswahl:<\/p>\t\t\t\t\t\t\t\t<\/div>\n\t\t\t\t<\/div>\n\t\t\t\t\t<\/div>\n\t\t<\/div>\n\t\t\t\t\t<\/div>\n\t\t<\/section>\n\t\t\t\t<section class=\"elementor-section elementor-top-section elementor-element elementor-element-ea9bc91 elementor-section-boxed elementor-section-height-default elementor-section-height-default\" data-id=\"ea9bc91\" data-element_type=\"section\">\n\t\t\t\t\t\t<div class=\"elementor-container elementor-column-gap-default\">\n\t\t\t\t\t<div class=\"elementor-column elementor-col-100 elementor-top-column elementor-element elementor-element-8954476\" data-id=\"8954476\" data-element_type=\"column\">\n\t\t\t<div class=\"elementor-widget-wrap elementor-element-populated\">\n\t\t\t\t\t\t<div class=\"elementor-element elementor-element-a558f45 elementor-widget elementor-widget-text-editor\" data-id=\"a558f45\" data-element_type=\"widget\" data-widget_type=\"text-editor.default\">\n\t\t\t\t<div class=\"elementor-widget-container\">\n\t\t\t\t\t\t\t\t\t<p>\u00a0<\/p><ul><li>B\u00fcroaccessoires<\/li><li>B\u00fcrotische<\/li><li>Kommunikations- und Drehst\u00fchle<\/li><li>Tische<\/li><li>Tischleuchten<\/li><li>Schr\u00e4nke<\/li><li>Pr\u00e4sentationsmedien<\/li><\/ul>\t\t\t\t\t\t\t\t<\/div>\n\t\t\t\t<\/div>\n\t\t\t\t\t<\/div>\n\t\t<\/div>\n\t\t\t\t\t<\/div>\n\t\t<\/section>\n\t\t\t\t<section class=\"elementor-section elementor-top-section elementor-element elementor-element-54fc934 elementor-section-boxed elementor-section-height-default elementor-section-height-default\" data-id=\"54fc934\" data-element_type=\"section\">\n\t\t\t\t\t\t<div class=\"elementor-container elementor-column-gap-default\">\n\t\t\t\t\t<div class=\"elementor-column elementor-col-100 elementor-top-column elementor-element elementor-element-bb206d2\" data-id=\"bb206d2\" data-element_type=\"column\">\n\t\t\t<div class=\"elementor-widget-wrap elementor-element-populated\">\n\t\t\t\t\t\t<div class=\"elementor-element elementor-element-998189d elementor-widget elementor-widget-text-editor\" data-id=\"998189d\" data-element_type=\"widget\" data-widget_type=\"text-editor.default\">\n\t\t\t\t<div class=\"elementor-widget-container\">\n\t\t\t\t\t\t\t\t\t<p>Unser umfassendes Sortiment finden Sie im ACT-Marketplace:<br \/><a href=\"https:\/\/marketplace.penworldwide.org\/?enterprisePenCode=AT010001292\">https:\/\/marketplace.penworldwide.org\/?enterprisePenCode=AT010001292<\/a><\/p>\t\t\t\t\t\t\t\t<\/div>\n\t\t\t\t<\/div>\n\t\t\t\t\t<\/div>\n\t\t<\/div>\n\t\t\t\t\t<\/div>\n\t\t<\/section>\n\t\t\t\t<section class=\"elementor-section elementor-top-section elementor-element elementor-element-141a288 elementor-section-boxed elementor-section-height-default elementor-section-height-default\" data-id=\"141a288\" data-element_type=\"section\">\n\t\t\t\t\t\t<div class=\"elementor-container elementor-column-gap-default\">\n\t\t\t\t\t<div class=\"elementor-column elementor-col-100 elementor-top-column elementor-element elementor-element-c5af6d5\" data-id=\"c5af6d5\" data-element_type=\"column\">\n\t\t\t<div class=\"elementor-widget-wrap elementor-element-populated\">\n\t\t\t\t\t\t<div class=\"elementor-element elementor-element-7ebcc50 elementor-widget elementor-widget-text-editor\" data-id=\"7ebcc50\" data-element_type=\"widget\" data-widget_type=\"text-editor.default\">\n\t\t\t\t<div class=\"elementor-widget-container\">\n\t\t\t\t\t\t\t\t\t<p><strong>Achtung:<\/strong><\/p><p>Wir verkaufen ausschlie\u00dflich fiktive Produkte, da es sich bei der Firma <strong>OFFICE DESIGN VIENNA<\/strong> (kurz: <strong>ODV<\/strong>) um eine, im Rahmen eines \u00f6sterreichweiten Schulprojektes entstandene \u00dcbungsfirma handelt und wir keine realen Gesch\u00e4fte t\u00e4tigen.<\/p>\t\t\t\t\t\t\t\t<\/div>\n\t\t\t\t<\/div>\n\t\t\t\t\t<\/div>\n\t\t<\/div>\n\t\t\t\t\t<\/div>\n\t\t<\/section>\n\t\t\t\t<\/div>\n\t\t","protected":false},"excerpt":{"rendered":"<p>Katalog_2026 Unsere \u00dcbungsfirma handelt mit hochwertigen B\u00fcrom\u00f6beln und B\u00fcroaccessoires. Wir beliefern Firmen aber auch anspruchsvolle Privatkunden! Wir bieten folgende Auswahl: \u00a0 B\u00fcroaccessoires B\u00fcrotische Kommunikations- und Drehst\u00fchle Tische Tischleuchten Schr\u00e4nke Pr\u00e4sentationsmedien Unser umfassendes Sortiment finden Sie im ACT-Marketplace:https:\/\/marketplace.penworldwide.org\/?enterprisePenCode=AT010001292 Achtung: Wir verkaufen ausschlie\u00dflich fiktive Produkte, da es sich bei der Firma OFFICE DESIGN VIENNA (kurz: ODV) um [&hellip;]<\/p>\n","protected":false},"author":2,"featured_media":0,"parent":0,"menu_order":0,"comment_status":"closed","ping_status":"closed","template":"","meta":{"footnotes":""},"class_list":["post-14","page","type-page","status-publish","hentry"],"_links":{"self":[{"href":"http:\/\/www.schulenbfi.eu\/odv\/wp-json\/wp\/v2\/pages\/14","targetHints":{"allow":["GET"]}}],"collection":[{"href":"http:\/\/www.schulenbfi.eu\/odv\/wp-json\/wp\/v2\/pages"}],"about":[{"href":"http:\/\/www.schulenbfi.eu\/odv\/wp-json\/wp\/v2\/types\/page"}],"author":[{"embeddable":true,"href":"http:\/\/www.schulenbfi.eu\/odv\/wp-json\/wp\/v2\/users\/2"}],"replies":[{"embeddable":true,"href":"http:\/\/www.schulenbfi.eu\/odv\/wp-json\/wp\/v2\/comments?post=14"}],"version-history":[{"count":31,"href":"http:\/\/www.schulenbfi.eu\/odv\/wp-json\/wp\/v2\/pages\/14\/revisions"}],"predecessor-version":[{"id":767,"href":"http:\/\/www.schulenbfi.eu\/odv\/wp-json\/wp\/v2\/pages\/14\/revisions\/767"}],"wp:attachment":[{"href":"http:\/\/www.schulenbfi.eu\/odv\/wp-json\/wp\/v2\/media?parent=14"}],"curies":[{"name":"wp","href":"https:\/\/api.w.org\/{rel}","templated":true}]}}