{"id":51,"date":"2023-08-19T18:10:05","date_gmt":"2023-08-19T16:10:05","guid":{"rendered":"http:\/\/www.schulenbfi.eu\/msm\/?page_id=51"},"modified":"2023-08-19T18:10:05","modified_gmt":"2023-08-19T16:10:05","slug":"beurteilungskriterien","status":"publish","type":"page","link":"http:\/\/www.schulenbfi.eu\/msm\/beurteilungskriterien\/","title":{"rendered":"Beurteilungskriterien"},"content":{"rendered":"\n<p><strong><u>Beurteilungskriterien f\u00fcr die \u00dcbungsfirma<\/u><\/strong><\/p>\n\n\n\n<p>In jeder Firma werden die MitarbeiterInnen beurteilt. In realen Firmen ist die Beurteilung Basis f\u00fcr Gehaltserh\u00f6hungen und beruflichen Aufstieg, kann aber auch zu einer K\u00fcndigung f\u00fchren. Wir beurteilen Ihre Arbeit in der \u00dcbungsfirma mit Noten. Wie alle Chefs erwarten wir von unseren MitarbeiterInnen, dass sie selbst\u00e4ndig die vereinbarten Ziele erreichen und dass sie dar\u00fcber hinaus engagiert Einsatz f\u00fcr die Firma zeigen.<\/p>\n\n\n\n<p>Konkret werden folgende Punkte bei der Benotung ber\u00fccksichtigt:<\/p>\n\n\n\n<ul>\n<li>Eine <u>schriftliche Zwischenpr\u00fcfung<\/u> in der Mitte des Semesters.<\/li>\n\n\n\n<li>Die <u>Lernkontrolle<\/u> am Ende des Semesters.<\/li>\n\n\n\n<li><u>Termingerechte Abgabe<\/u> der L\u00f6sungen der Haus\u00fcbungen (Schriftverkehr &amp; Reiseplanung).<\/li>\n\n\n\n<li><u>Mappenf\u00fchrung<\/u> (Sauberkeit, Vollst\u00e4ndigkeit &#8211; auch &#8222;Au\u00dfenstehende&#8220; (z.B. Finanzamt, andere Mitarbeiter) sollten sich jederzeit zurecht finden k\u00f6nnen) &#8211; keine losen Bl\u00e4tter!!!<\/li>\n\n\n\n<li>Die Mappe muss bis zur <u>Einheit 7<\/u> (der Arbeitsauftr\u00e4ge) vollst\u00e4ndig bearbeitet und abgelegt sein.<\/li>\n\n\n\n<li><u>Schriftverkehr<\/u>(Einhaltung der formalen Vorschriften, Gestaltung, Rechtschreibung und Kreativit\u00e4t)<\/li>\n\n\n\n<li><u>Einhaltung der Termine<\/u> rechtzeitige und vollst\u00e4ndige Erledigung aller erhaltenen Arbeitsaufgaben<\/li>\n\n\n\n<li><u>Selbstst\u00e4ndige Probleml\u00f6sungen<\/u>(z.B. im Rechnungswesen bei Verbuchungsproblemen\u2026 siehe RW-Buch)<\/li>\n\n\n\n<li>Einhaltung der Arbeitszeiten: Bei mehr als <u>25% Fehlstunden<\/u> ist eine Beurteilung nicht mehr m\u00f6glich.<\/li>\n\n\n\n<li>Auch h\u00e4ufiges <u>&#8222;Internetsurfen&#8220; <\/u>f\u00fcr den Privatgebrauch sowie Ablenkungen durch Benutzung des <u>Handys<\/u> wirken sich negativ auf die Note aus.<\/li>\n\n\n\n<li><u>Teamarbeit<\/u> ist wichtig, d.h. jede Person einer Gruppe muss auch <u>alle Aufgaben<\/u>, die mit dieser Arbeitsgruppe verbunden sind, beherrschen.Die zu erledigenden Arbeiten m\u00fcssen aufgeteilt werden &#8211; es sollte daher nicht so sein, dass nur eine\/r arbeitet, die\/der andere zusieht.<\/li>\n<\/ul>\n\n\n\n<p>Da f\u00fcr dieses Fach kein Lehrbuch erh\u00e4ltlich ist, werden die einzelnen Lerneinheiten, sowie deren L\u00f6sungen, (Haus-)\u00dcbungen und Mustertests auf dieser Webseite zum Download zur Verf\u00fcgung gestellt.<\/p>\n","protected":false},"excerpt":{"rendered":"<p>Beurteilungskriterien f\u00fcr die \u00dcbungsfirma In jeder Firma werden die MitarbeiterInnen beurteilt. In realen Firmen ist die Beurteilung Basis f\u00fcr Gehaltserh\u00f6hungen und beruflichen Aufstieg, kann aber auch zu einer K\u00fcndigung f\u00fchren. Wir beurteilen Ihre Arbeit in der \u00dcbungsfirma mit Noten. Wie alle Chefs erwarten wir von unseren MitarbeiterInnen, dass sie selbst\u00e4ndig die vereinbarten Ziele erreichen und [&hellip;]<\/p>\n","protected":false},"author":2,"featured_media":0,"parent":0,"menu_order":0,"comment_status":"closed","ping_status":"closed","template":"","meta":{"footnotes":""},"class_list":["post-51","page","type-page","status-publish","hentry"],"_links":{"self":[{"href":"http:\/\/www.schulenbfi.eu\/msm\/wp-json\/wp\/v2\/pages\/51","targetHints":{"allow":["GET"]}}],"collection":[{"href":"http:\/\/www.schulenbfi.eu\/msm\/wp-json\/wp\/v2\/pages"}],"about":[{"href":"http:\/\/www.schulenbfi.eu\/msm\/wp-json\/wp\/v2\/types\/page"}],"author":[{"embeddable":true,"href":"http:\/\/www.schulenbfi.eu\/msm\/wp-json\/wp\/v2\/users\/2"}],"replies":[{"embeddable":true,"href":"http:\/\/www.schulenbfi.eu\/msm\/wp-json\/wp\/v2\/comments?post=51"}],"version-history":[{"count":1,"href":"http:\/\/www.schulenbfi.eu\/msm\/wp-json\/wp\/v2\/pages\/51\/revisions"}],"predecessor-version":[{"id":52,"href":"http:\/\/www.schulenbfi.eu\/msm\/wp-json\/wp\/v2\/pages\/51\/revisions\/52"}],"wp:attachment":[{"href":"http:\/\/www.schulenbfi.eu\/msm\/wp-json\/wp\/v2\/media?parent=51"}],"curies":[{"name":"wp","href":"https:\/\/api.w.org\/{rel}","templated":true}]}}