{"id":14,"date":"2023-09-05T20:49:16","date_gmt":"2023-09-05T18:49:16","guid":{"rendered":"http:\/\/www.schulenbfi.eu\/acent\/?page_id=14"},"modified":"2025-11-19T11:42:10","modified_gmt":"2025-11-19T10:42:10","slug":"wir-stellen-uns-vor","status":"publish","type":"page","link":"http:\/\/www.schulenbfi.eu\/acent\/wir-stellen-uns-vor\/","title":{"rendered":"Wir stellen uns vor"},"content":{"rendered":"\t\t<div data-elementor-type=\"wp-page\" data-elementor-id=\"14\" class=\"elementor elementor-14\">\n\t\t\t\t<div class=\"elementor-element elementor-element-69c5b54 e-flex e-con-boxed e-con e-parent\" data-id=\"69c5b54\" data-element_type=\"container\">\n\t\t\t\t\t<div class=\"e-con-inner\">\n\t\t\t\t<div class=\"elementor-element elementor-element-5cb2f6c elementor-widget elementor-widget-text-editor\" data-id=\"5cb2f6c\" data-element_type=\"widget\" data-widget_type=\"text-editor.default\">\n\t\t\t\t<div class=\"elementor-widget-container\">\n\t\t\t\t\t\t\t<p>Unsere oberste Priorit\u00e4t ist die Zufriendenheit unserer Kund\/innen. Unsere Produkte zeichnen sich durch hohe Qualit\u00e4t und g\u00fcnstige Preise aus. Wir sind eine der f\u00fchrenden Werbemittel\u00fcbungsfirmen am \u00f6sterreichischen \u00dcbungsfirmenmarkt.<\/p>\n<p>Bei Fragen sind wir immer am Mittwoch von 8:30 bis 12:00 unter<\/p>\n<p>Tel: 0699 1686 2186<\/p>\n<p>E-Mail: <a href=\"mailto:acentbrandhouse@1598.uebungsfirmen.at\">acentbrandhouse1598@uebungsfirmen.at<\/a><\/p>\n<p>erreichbar.<\/p>\t\t\t\t\t\t<\/div>\n\t\t\t\t<\/div>\n\t\t\t\t<div class=\"elementor-element elementor-element-c6da41e elementor-widget elementor-widget-image\" data-id=\"c6da41e\" data-element_type=\"widget\" data-widget_type=\"image.default\">\n\t\t\t\t<div class=\"elementor-widget-container\">\n\t\t\t\t\t\t\t\t\t\t\t\t\t<img fetchpriority=\"high\" decoding=\"async\" width=\"1184\" height=\"583\" src=\"http:\/\/www.schulenbfi.eu\/acent\/wp-content\/uploads\/2023\/12\/Screenshot-2023-12-05-113813.png\" class=\"attachment-1536x1536 size-1536x1536 wp-image-210\" alt=\"\" srcset=\"http:\/\/www.schulenbfi.eu\/acent\/wp-content\/uploads\/2023\/12\/Screenshot-2023-12-05-113813.png 1184w, http:\/\/www.schulenbfi.eu\/acent\/wp-content\/uploads\/2023\/12\/Screenshot-2023-12-05-113813-300x148.png 300w, http:\/\/www.schulenbfi.eu\/acent\/wp-content\/uploads\/2023\/12\/Screenshot-2023-12-05-113813-1024x504.png 1024w, http:\/\/www.schulenbfi.eu\/acent\/wp-content\/uploads\/2023\/12\/Screenshot-2023-12-05-113813-768x378.png 768w\" sizes=\"(max-width: 1184px) 100vw, 1184px\" \/>\t\t\t\t\t\t\t\t\t\t\t\t\t<\/div>\n\t\t\t\t<\/div>\n\t\t\t\t\t<\/div>\n\t\t\t\t<\/div>\n\t\t<div class=\"elementor-element elementor-element-a25ab2c e-flex e-con-boxed e-con e-parent\" data-id=\"a25ab2c\" data-element_type=\"container\">\n\t\t\t\t\t<div class=\"e-con-inner\">\n\t\t\t\t<div class=\"elementor-element elementor-element-e023dc8 elementor-widget elementor-widget-heading\" data-id=\"e023dc8\" data-element_type=\"widget\" data-widget_type=\"heading.default\">\n\t\t\t\t<div class=\"elementor-widget-container\">\n\t\t\t<h2 class=\"elementor-heading-title elementor-size-default\">Gesch\u00e4ftsf\u00fchrung<\/h2>\t\t<\/div>\n\t\t\t\t<\/div>\n\t\t\t\t\t<\/div>\n\t\t\t\t<\/div>\n\t\t<div class=\"elementor-element elementor-element-57fbb00 e-flex e-con-boxed e-con e-parent\" data-id=\"57fbb00\" data-element_type=\"container\">\n\t\t\t\t\t<div class=\"e-con-inner\">\n\t\t\t\t<div class=\"elementor-element elementor-element-d8f4c81 elementor-widget elementor-widget-image\" data-id=\"d8f4c81\" data-element_type=\"widget\" data-widget_type=\"image.default\">\n\t\t\t\t<div class=\"elementor-widget-container\">\n\t\t\t\t\t\t\t\t\t\t<figure class=\"wp-caption\">\n\t\t\t\t\t\t\t\t\t\t<img decoding=\"async\" src=\"http:\/\/www.schulenbfi.eu\/acent\/wp-content\/uploads\/elementor\/thumbs\/Geschaeftsfuehrung_acent-qbzb0wb9rtepcfvvkckwowknors5hgisrb7zc556e8.jpg\" title=\"Gesch\u00e4ftsf\u00fchrung_acent\" alt=\"Gesch\u00e4ftsf\u00fchrung\" loading=\"lazy\" \/>\t\t\t\t\t\t\t\t\t\t\t<figcaption class=\"widget-image-caption wp-caption-text\">Frau Mag. Susanna Weiss, Herr Mag. Christian Aigner <\/figcaption>\n\t\t\t\t\t\t\t\t\t\t<\/figure>\n\t\t\t\t\t\t\t<\/div>\n\t\t\t\t<\/div>\n\t\t\t\t\t<\/div>\n\t\t\t\t<\/div>\n\t\t<div class=\"elementor-element elementor-element-9b62775 e-flex e-con-boxed e-con e-parent\" data-id=\"9b62775\" data-element_type=\"container\">\n\t\t\t\t\t<div class=\"e-con-inner\">\n\t\t\t\t<div class=\"elementor-element elementor-element-c965cf1 elementor-widget elementor-widget-text-editor\" data-id=\"c965cf1\" data-element_type=\"widget\" data-widget_type=\"text-editor.default\">\n\t\t\t\t<div class=\"elementor-widget-container\">\n\t\t\t\t\t\t\t<p><strong>Einkauf:<\/strong>\u00a0Bestellungen schreiben\/Angebote vergleichen, Investitionsplan erstellen und Bestellliste f\u00fchren<\/p><p><strong>Rechnungswesen:<\/strong>\u00a0Eingangsrechnungen, Ausgangsrechnungen und Bankbelege verbuchen und in der BMD erfassen\u00a0<\/p><p><strong>Back Office:<\/strong>\u00a0E-Mail Postfach kontrollieren, Post und Briefe kontrollieren und Anwesenheit \u00fcberpr\u00fcfen, Messeorganisation, Qualit\u00e4tsmanagement<\/p><p><strong>Marketing\/EDV:<\/strong>\u00a0Website aktualisieren, neue Produkte in den Web-Shop stellen, Angebote per Mail an unsere Kund\/innen schicken, WerbeAds erstellen, unsere Handelswaren im Webshop unseres Gro\u00dfh\u00e4ndlers BIDECO aktualisieren<\/p><p><strong>Customer-Service:<\/strong>\u00a0Ausgangsrechnungen und Lieferscheine inkl. Transportauftr\u00e4ge erstellen und per Mail an unsere Kund\/innen verschicken, Kundenkonten in der BMD anlegen<\/p><p><strong>Personal: <\/strong>monatliche Beitragsgrundlagenmeldung, ELDA,\u00a0Monatszusammenstellung,\u00a0\u00dcberweisung der SV-Beitr\u00e4ge,\u00a0\u00dcberweisung und Verbuchung der Lohnabgaben\u00a0<\/p><p>\u00a0<\/p>\t\t\t\t\t\t<\/div>\n\t\t\t\t<\/div>\n\t\t\t\t\t<\/div>\n\t\t\t\t<\/div>\n\t\t<div class=\"elementor-element elementor-element-6628532 e-flex e-con-boxed e-con e-parent\" data-id=\"6628532\" data-element_type=\"container\">\n\t\t\t\t\t<div class=\"e-con-inner\">\n\t\t\t\t\t<\/div>\n\t\t\t\t<\/div>\n\t\t<div class=\"elementor-element elementor-element-3cddd2a e-flex e-con-boxed e-con e-parent\" data-id=\"3cddd2a\" data-element_type=\"container\" data-settings=\"{&quot;background_background&quot;:&quot;classic&quot;}\">\n\t\t\t\t\t<div class=\"e-con-inner\">\n\t\t\t\t\t<\/div>\n\t\t\t\t<\/div>\n\t\t\t\t<\/div>\n\t\t","protected":false},"excerpt":{"rendered":"<p>Unsere oberste Priorit\u00e4t ist die Zufriendenheit unserer Kund\/innen. Unsere Produkte zeichnen sich durch hohe Qualit\u00e4t und g\u00fcnstige Preise aus. Wir sind eine der f\u00fchrenden Werbemittel\u00fcbungsfirmen am \u00f6sterreichischen \u00dcbungsfirmenmarkt. Bei Fragen sind wir immer am Mittwoch von 8:30 bis 12:00 unter Tel: 0699 1686 2186 E-Mail: acentbrandhouse1598@uebungsfirmen.at erreichbar. Gesch\u00e4ftsf\u00fchrung Frau Mag. Susanna Weiss, Herr Mag. Christian [&hellip;]<\/p>\n","protected":false},"author":3,"featured_media":0,"parent":0,"menu_order":0,"comment_status":"closed","ping_status":"closed","template":"","meta":{"footnotes":""},"class_list":["post-14","page","type-page","status-publish","hentry"],"_links":{"self":[{"href":"http:\/\/www.schulenbfi.eu\/acent\/wp-json\/wp\/v2\/pages\/14"}],"collection":[{"href":"http:\/\/www.schulenbfi.eu\/acent\/wp-json\/wp\/v2\/pages"}],"about":[{"href":"http:\/\/www.schulenbfi.eu\/acent\/wp-json\/wp\/v2\/types\/page"}],"author":[{"embeddable":true,"href":"http:\/\/www.schulenbfi.eu\/acent\/wp-json\/wp\/v2\/users\/3"}],"replies":[{"embeddable":true,"href":"http:\/\/www.schulenbfi.eu\/acent\/wp-json\/wp\/v2\/comments?post=14"}],"version-history":[{"count":31,"href":"http:\/\/www.schulenbfi.eu\/acent\/wp-json\/wp\/v2\/pages\/14\/revisions"}],"predecessor-version":[{"id":342,"href":"http:\/\/www.schulenbfi.eu\/acent\/wp-json\/wp\/v2\/pages\/14\/revisions\/342"}],"wp:attachment":[{"href":"http:\/\/www.schulenbfi.eu\/acent\/wp-json\/wp\/v2\/media?parent=14"}],"curies":[{"name":"wp","href":"https:\/\/api.w.org\/{rel}","templated":true}]}}